 c?
6
Let p be 2/((-1)/2 + (-1308)/(-2568)). Let q = 219 - p. What is the units digit of q?
5
Let b be 12/114 - (-168)/(-152). What is the tens digit of 0 - (b - -4) - -556?
5
Let r(o) = -o**3 + 33*o**2 + 8*o - 52. Let t be r(33). Suppose 4*z = 3*z + 2*q + t, 5*q = 15. What is the tens digit of z?
1
Suppose 0 = -5*n + 4*d + 36, -2*n - 4*d = n + 4. Suppose 0 = n*y - w - 8, 0 = -2*y - 10*w + 5*w + 26. What is the units digit of 1/(-3)*y - -1 - -29?
9
Let a(p) = 56*p + 10 - p**3 - 17*p - 510*p**2 + 511*p**2. What is the hundreds digit of a(-9)?
4
What is the hundreds digit of 656245/19 + (-284)/1349?
5
Suppose -50 = -9*n - n. Suppose n*v - 87 = -12. Suppose -11*i = -v*i + 248. What is the units digit of i?
2
Let q be (-236)/(-413) + 31/7. Suppose 3*f = 2*d + 15, -5*d + f - 25 = -4*f. Suppose 0 = 2*g - d*g + 4*x - 58, 0 = -g + q*x + 8. What is the units digit of g?
3
Suppose -4*b = -5*q - 11619, -4*q - 5785 - 3535 = 3*b. Let o = -1586 - q. What is the hundreds digit of o?
7
Let g(c) = -84*c**3 + 3*c**2 + c - 1. Let y be g(-2). Let t(o) = -3*o + 12. Let a be t(7). What is the units digit of (-4)/((-48)/y) + a/12?
6
Suppose k = -g + 861, 8*g - 4*g + 2*k - 3434 = 0. Let x = g - 548. Suppose 21*o = -o + x. What is the units digit of o?
4
Let y = 1750 - 1729. What is the tens digit of y?
2
Let g(d) = -d**3 - 12*d**2 + 8*d + 5*d**2 - 9*d**2 - 273 + 300. Let j be g(-17). Suppose -12*v + j = 2*z - 15*v, 4*v = 0. What is the tens digit of z?
9
Let q = 76374 + -29934. What is the units digit of q?
0
Let x = -532 - -626. Suppose -2 = k, -x*t + 91*t = 2*k - 3938. What is the units digit of t?
4
Let s be (7 - -3242)*(-1)/(-3). Suppose -3*q = 5*h - 877 - s, -5*q + 2*h = -3246. Suppose 67*w = 72*w - q. What is the units digit of w?
0
Let y(b) = b**2 - 15*b. Let p be y(15). Suppose 3*d - 734 - 1067 = -4*z, d + 3*z - 602 = p. What is the hundreds digit of d?
5
Suppose 0 = -73*t - 25600 + 622865 + 650962. What is the units digit of t?
9
Let w = -1 - -41. Suppose -w*u + 36 = -37*u. What is the tens digit of u?
1
Suppose -4980 + 52473 = 9*x. What is the hundreds digit of x?
2
Let l = 9997 - 3114. What is the hundreds digit of l?
8
Let t = 134 - 130. Suppose h - 3 = 49. Let q = h - t. What is the units digit of q?
8
Suppose -84*f + 198*f - 87760 = 104*f. What is the hundreds digit of f?
7
Let l = -4 - -24. Suppose 4*h + 2054 = 3*y, 7*h - 3*h + l = 0. What is the units digit of y?
8
Suppose -3329 + 22029 = 2*r - 4*t, 2*r - 18690 = -t. What is the tens digit of r?
4
What is the units digit of (-10)/((-30)/57741) + -23?
4
Let b be (-1)/(-1)*-1*(-52 - -54). Let i be (-4 + b/(-1))*-1. Suppose 0 = i*z - 6*z + 488. What is the tens digit of z?
2
Let a(d) = 200 - 31*d + d**2 + 27 + 104 - 59 + 12. What is the tens digit of a(0)?
8
Let q(t) = t**2 + 34*t - 130. Let j be q(-31). Let c be -14*2*-7*2. Let s = c + j. What is the tens digit of s?
6
Suppose 93*m = 92*m + 1, -6289 = -4*c - 5*m. What is the units digit of c?
1
Let y be 4/3*81/18. Let v(b) = 0 + 14*b - 17 - 11 + 6*b. What is the tens digit of v(y)?
9
Let k = -7 + -4. Let x = k - -16. Suppose 0 = 3*d - x*d + 110. What is the tens digit of d?
5
Let r = 190 - 113. Suppose 0 = 3*b - 0*b. Let h = b + r. What is the units digit of h?
7
Suppose 18*f - 32297 = -7565. Let q = f - 604. What is the tens digit of q?
7
Let b(w) = -w**3 + 53*w**2 + 257*w - 4. What is the ten thousands digit of b(54)?
1
Let l(i) = 2*i**2 + 6*i - 8. Let v be l(-4). Suppose -3*o + 10 = -k, v = 6*o - 8*o + 6. What is the tens digit of ((-5)/(-15))/(k/(-33))?
1
Let r(c) be the third derivative of c**5/60 - 3*c**4/8 - 76*c**3/3 - 54*c**2. What is the units digit of r(-22)?
0
What is the tens digit of (156/(-182))/(1*4/(-28644))?
3
Let q(g) = -3*g + 9. Let n be q(2). Suppose 9 = -n*f, 3*t + 5*f + 12 - 264 = 0. What is the units digit of t?
9
Let t be (-11)/((-176)/20)*348. Let r(p) = p**3 - p**2 - 7*p + 7. Let a be r(6). Suppose 0 = -3*m - 3*k + t, 4*m + 3*k - a = 3*m. What is the tens digit of m?
4
Let h(f) = f + 5. Let p = 14 + 2. Let b(x) = -4*x - 14. Let l(v) = p*h(v) + 5*b(v). What is the units digit of l(-6)?
4
Let p = 35 + -25. Let x = -2 - p. What is the tens digit of x/(-8)*(83 + -1)?
2
Let v = 17249 + -747. What is the tens digit of v?
0
Suppose 5*w + 2*z - 44332 = 0, -3*w - 3*z = 6943 - 33544. What is the hundreds digit of w?
8
Suppose -4*y + 38 = 5*v, -3*y = -5*v + 10*v - 36. Suppose -2917 = -v*s - 619. What is the units digit of s?
3
Suppose -3*d - 48 = -6*l + l, -d - 28 = -3*l. Let o = l + 39. What is the tens digit of o?
4
Suppose -4*w - 2 = 2*s - 8, 5*s - 28 = 3*w. Suppose s*h = 3*u + 38, -u - 3*u - 25 = -3*h. What is the units digit of (-2 + 52/7)*h?
8
Suppose 127*h - 2442185 + 380848 = 0. What is the ten thousands digit of h?
1
Suppose 47363 = 5*i + v, -5*i + 2*v + 64516 - 17162 = 0. What is the thousands digit of i?
9
Let k = -34091 + 85459. What is the units digit of k?
8
Let b = 1340 + -1332. Let c(w) = 5*w**2 - 14*w. Let y(f) = -20*f**2 + 55*f. Let d(p) = 9*c(p) + 2*y(p). What is the hundreds digit of d(b)?
1
Let o(f) = -3*f**2 + 17*f - 14. Let z be o(4). Suppose 0 = z*d - 206 - 580. What is the units digit of d?
1
Suppose 29*a - 79279 - 68790 = -39464. What is the tens digit of a?
4
Let q(r) = 707*r**2 - 161*r + 319. What is the hundreds digit of q(2)?
8
Suppose -7*i + 249470 = -6*i + 9*i. What is the hundreds digit of i?
9
Suppose 5 = -k - 5*n, -31 = -5*k - 5*n + 44. Let b(g) = -7*g + 19. Let a(y) = y + 2. Let p(o) = 6*a(o) + b(o). What is the tens digit of p(k)?
1
Let d(r) = r**3 - r**2 - r. Let i = 72 + -70. Let o be d(i). Suppose -o*y - y = -417. What is the units digit of y?
9
Suppose 0 = 4*h + 2*d - 5*d + 59, 2 = -2*h - 4*d. What is the tens digit of h/(-4) + -3 - 4370/(-40)?
0
Suppose 0 = 5*v - a + 91 + 53, 0 = -5*v - 5*a - 120. Suppose -80 = -4*x + c, -5*x + 2*x - 2*c + 60 = 0. What is the units digit of 5/x - 4417/v?
8
What is the ten thousands digit of ((-2162026)/306)/((-8)/12) - 1/6?
1
Let t(g) = 3*g + 4. Let u(f) = -f**2 - 4*f - 3. Let p be u(-3). Let r be t(p). What is the units digit of -89*(1/4)/((-1)/r)?
9
What is the tens digit of (8 + -1)*(836 - 24/(3 + 5))?
3
Let x be 11 + -9 + 32/2. Suppose 13*g + 40 = x*g. Suppose -3*h + g*k = 4*k - 172, -3*h + 160 = -k. What is the tens digit of h?
5
Let a = 9003 + 1139. Suppose 8*k - a + 1270 = 0. What is the tens digit of k?
0
Suppose -91*m - 20979 = -281603. What is the units digit of m?
4
What is the tens digit of (-5 + 6)*25 + 33197?
2
Let r = 13000 + 2854. What is the ten thousands digit of r?
1
What is the units digit of 51336/18 - (-2 + 0)?
4
What is the units digit of 3452098/247 - (160/(-190))/(-8)?
6
Let i(y) = -2*y**3 + 91*y**2 + 86*y + 231. What is the units digit of i(31)?
6
Suppose 6*a = -w + 5*a + 32, 0 = -3*w - 5*a + 86. Suppose 0 = 36*u - w*u + 273. What is the units digit of u?
3
Let g(u) be the third derivative of -u**5/30 - u**4/2 - u**3/3 + u**2. Let d be g(-6). What is the tens digit of ((-2)/2)/(d/62)?
3
Let d(r) = 5*r**3 + 2*r + 4. Suppose -3 = i - 3*a + 2*a, 0 = 4*i + 2*a - 18. What is the tens digit of d(i)?
4
Let a be (-6)/(-2) + -13 + 11. Let f = -3 - a. Let c(j) = -j**3 - 3*j**2 - 2*j - 12. What is the units digit of c(f)?
2
Let f(b) = 3*b**2 - 9*b - 13. Let n be f(-3). Let g(z) = 2*z**3 - 80*z**2 - 62*z - 10. What is the tens digit of g(n)?
1
Let d be (-12968)/(-10) + 10/50. Let q = d - 467. What is the tens digit of q?
3
Let y be ((-8)/14)/(3*(-6)/63). Suppose 366 = y*a - 154. What is the hundreds digit of a?
2
Suppose 4*n + 44 = 8*n + 4*r, -r = -n + 17. Let p = n - -879. What is the tens digit of p?
9
Let f = 44 - 33. Let l(m) = f*m - m - 3*m + 20*m**2 - 1 - 10*m**2 - m**3. What is the tens digit of l(6)?
8
Let k = 4781 - 467. What is the thousands digit of k?
4
Suppose 0 = 5*t + 10, 10*a - 5*a = 3*t + 16. Suppose 6*x + 925 = a*q + 3*x, -q + 462 = -2*x. What is the hundreds digit of q?
4
Suppose 3*l = -2*r - 1617, 2*l + 0*l = r - 1078. Let i = l + 758. What is the hundreds digit of i?
2
Let h(w) = 336*w**2 - 7*w + 7. Let o(p) = -p + 2. Let b be o(1). What is the hundreds digit of h(b)?
3
Suppose 99400 = -19*l + 266638. What is the thousands digit of l?
8
Suppose -3*b + 63925 = 5*s, b = -7*s + 12*s - 63905. What is the tens digit of s?
8
Let 